 + 25 = -4*f, q + 4*f + 18 = 0. What are the prime factors of q?
2
Let j = -31 + 69. Let i = j - 85. Let p = 95 + i. List the prime factors of p.
2, 3
Let c = 15 - 11. Suppose -4*h + c = -56. List the prime factors of (4/((-20)/h))/(-1).
3
Let c(s) = s**2 - 7*s + 10. Let a be c(5). Let p be 6/(-10) - 1692/(-20). Suppose o + o - p = a. What are the prime factors of o?
2, 3, 7
Let q(h) = -4*h**3 - 45*h**2 - 25*h - 11. List the prime factors of q(-11).
11, 13
Let w(t) = -17*t + 7. What are the prime factors of w(-8)?
11, 13
Let j = -68 + 95. Suppose -3*q = -153 + j. Suppose 2*r + 5 = -1, r - q = -f. What are the prime factors of f?
3, 5
Let o(g) = 95*g + 113. List the prime factors of o(7).
2, 389
Let q be 8*((-4)/(-8))/(-1). What are the prime factors of (1 - 284/q) + -4?
2, 17
Let a(y) = -147*y - 11. Let g be a(7). Let w = -630 - g. List the prime factors of w/50 + (-4)/(-5).
3
Let v(s) = -24*s + 10. Let j = -31 - -28. List the prime factors of v(j).
2, 41
Let a be (11/2)/((-4)/8). Let d = -18 - a. What are the prime factors of (d - (0 + 3))/(-1)?
2, 5
Let w be (12/(-10))/(12/320). Let o = 17 + w. List the prime factors of (-24)/o*(-15)/(-1).
2, 3
Let n(m) = 8*m**2 + 11*m + 12. Suppose 4*i + 66 - 46 = 0. List the prime factors of n(i).
157
Suppose s = f - 4, -2 + 1 = -4*f + s. Let q be (204 - f)*(-30)/(-50). Suppose d + q = 2*r, -r = -3*d - d - 51. List the prime factors of r.
3, 7
Suppose -2*s = -8, 0*j = 2*j - s + 18. Suppose 5*w + 15 = 0, 7*k - 2*k + 61 = 3*w. Let x = j - k. What are the prime factors of x?
7
Let h(x) = 16*x + x + 28*x + 3 + 22*x. What are the prime factors of h(5)?
2, 13
Let g(a) = a**3 + 21*a**2 - 17*a + 124. What are the prime factors of g(-22)?
2, 7
List the prime factors of (-2)/(1953/(-978) + 2)*-3.
2, 3, 163
Suppose -4*l - 2*r + 22 = 0, 2 + 9 = -3*l + 4*r. Suppose l*y = -4*z + 267, -5*y + y = -20. What are the prime factors of z?
3, 7
Suppose 12 + 48 = 2*c. Let q = 92 - c. List the prime factors of q.
2, 31
Let l(a) = 5 - 4*a + 8 + 3*a - 5*a. Let s be l(-7). Suppose -3*i + 18 = -4*b - 15, 5*i - s = -4*b. What are the prime factors of i?
11
Let l = -13 + 16. Suppose -c = -l*m - 13, 9 = 3*c - 3. List the prime factors of (7/5 + m)*-5.
2
Suppose -b + 51 = -4*b. List the prime factors of (4 + 4)/((-2)/b).
2, 17
Suppose -f + 229 = 3*y + 3*f, 2*y - 191 = 5*f. Let t = y - -38. List the prime factors of t.
11
Suppose 4*g = -2*g + 180. Let s = g + 0. List the prime factors of s.
2, 3, 5
Suppose -21*u + 32*u = 869. List the prime factors of u.
79
Let l(y) = y**2 + 8*y - 3. Let x be l(-7). What are the prime factors of 36 + (3 - (-3 - x))?
2
Let a = -10 + 15. Let x = -2 + a. What are the prime factors of (-2 - -36) + -1 + x?
2, 3
Let n(z) = -172*z - 279. List the prime factors of n(-5).
7, 83
Suppose -8 = 30*p - 34*p, 0 = -z + 5*p + 1355. What are the prime factors of z?
3, 5, 7, 13
List the prime factors of ((-51)/(-15) - 3)/((-12)/(-24180)).
2, 13, 31
Suppose 4*j + 5*u - 17 = 0, -j - 5*u = 4*j - 15. Let b be 10/(j*(-3)/(-6)). What are the prime factors of (-5)/b - (-177)/6?
2, 3, 5
Let y = 40 - 46. Let h be y + 4 - -2 - -3. Suppose -d = 5*o - 83, h*o - 42 = 2*d - 0*d. What are the prime factors of o?
2
Let z be (-92)/(-3 - -2) - 1. Suppose 0 = 9*k - 2*k - z. Suppose k = 4*o - 255. What are the prime factors of o?
67
Let n = 6444 - 4379. List the prime factors of n.
5, 7, 59
Let f(t) = -t**3 + 24*t**2 - 31*t + 51. Let j be f(23). What are the prime factors of (1/(4/j))/((-3)/12)?
7, 19
Suppose -6*t = -12*t - 228. List the prime factors of ((-21)/6 + 1)*t.
5, 19
Let p(a) = 152*a + 5. Let u be p(1). Suppose -u = 6*l - 1165. List the prime factors of l.
2, 3, 7
Let z be (-284)/12 - ((-56)/(-6))/7. Let k(n) = n**3 + 24*n**2 - 36*n - 33. What are the prime factors of k(z)?
2, 11
Suppose -8*j + 7911 = -7665. List the prime factors of j.
3, 11, 59
Suppose -12 = -3*o - 3. Let y be -8*(o - (-36)/(-8)). Suppose 8*f = 124 + y. What are the prime factors of f?
17
Let d be (-4 + 8)/((-1)/(-139)). List the prime factors of d/16 - 2/(-8).
5, 7
What are the prime factors of (-58584)/(-48) + (1 - 10/4)?
23, 53
Let a(z) = -36*z + 1. List the prime factors of a(-12).
433
Let u be (-79)/(-6) + (-3 - (-68)/24). Let c(v) = 17*v + 20. What are the prime factors of c(u)?
241
Let i be 61/8 + (-6)/(-16). Suppose i*h - 986 = 246. List the prime factors of h.
2, 7, 11
Let z be ((-21)/(-6))/(3/(-108)). Let d = 112 - 200. Let v = d - z. What are the prime factors of v?
2, 19
Let h = 542 + -299. What are the prime factors of h?
3
Suppose 2*p + u - 145 + 49 = 0, 88 = 2*p + 3*u. Let n be 190/p + (-1)/(-5). Suppose -n*j = 3*x - 12 - 30, -3 = -x - 5*j. List the prime factors of x.
2, 3
Suppose -19*d + 13*d = -18. Suppose d*v = -3*v + 876. What are the prime factors of v?
2, 73
What are the prime factors of 620/6 - (-10)/(-15)*-1?
2, 13
Suppose -8*x + 2*q - 660 = -10*x, 0 = -2*x - 3*q + 660. List the prime factors of x.
2, 3, 5, 11
Let r(k) = k**3 - 8*k**2 + 6*k + 7. Let x be r(7). Let w be 6 - (-37 + -10 + 4). Let b = w + x. What are the prime factors of b?
7
Let g be (1 - 6) + -3 + 2. Let z be 24/36 - (-52)/g. List the prime factors of (-4)/z*-4 + 19.
17
Let q = -5 - 20. Let c = q + 36. List the prime factors of c.
11
What are the prime factors of -549*3/18*-4?
2, 3, 61
Let k(i) = -6*i - 23. Suppose -4*t + 26 = 78. What are the prime factors of k(t)?
5, 11
Let z(u) be the second derivative of -u**5/20 - 5*u**4/12 - 2*u**3/3 + 3*u**2 + 4*u. Let l be z(-5). Let w = l + -14. What are the prime factors of w?
2, 3
Suppose 2*j + 24 = 3*v + v, 0 = -5*v + 15. Let p be (j/4)/((-5)/(-110)). What are the prime factors of (-242)/p - 1/3?
7
Let b = -60 - -63. Suppose b*n - 744 = -276. What are the prime factors of n?
2, 3, 13
Let l = 1540 - 537. What are the prime factors of l?
17, 59
Suppose -h - 3 = 2. Let f(w) = 2*w**2 + 6*w + 3. Let r be f(h). Let y = r + -15. List the prime factors of y.
2
Let j(i) = 15*i**2 - 4*i - 4. Let a be -1 + 2/2 + -2. List the prime factors of j(a).
2
Let z(j) = 339*j**2 - 13*j - 27. What are the prime factors of z(-2)?
5, 271
Suppose 0 = 9*f - 22 + 94. List the prime factors of 2/f + 7/(28/369).
2, 23
Suppose 0*o + 2*v = -o - 6, 5*v = 0. What are the prime factors of o*(51/18 - 4)?
7
Let f = 26 - 25. What are the prime factors of 46 + (f - -7) + -5?
7
Suppose -702 = 60*h - 61*h. What are the prime factors of h?
2, 3, 13
List the prime factors of 1275/21 + 6/21.
61
Let t = 1133 + -511. Suppose 5*z + o = -t, 0 = -5*z - 0*z - 3*o - 626. Let f = -76 - z. List the prime factors of f.
2, 3
Suppose -41*c + 32776 = 5798. List the prime factors of c.
2, 7, 47
List the prime factors of 5/(-15)*12258/(-6).
3, 227
Let b(r) = r**2 + 6*r - 1. Let a be b(-7). Let s(o) = o**3 - 4*o**2 - 6*o - 4. What are the prime factors of s(a)?
2
Let l = -286 - -1848. What are the prime factors of l?
2, 11, 71
Let c(m) = m**2 - m + 56. Let z be c(0). Let f(u) = -2*u**3 + 2*u**2 + 5*u + 4. Let a be f(-1). Suppose -a*k + z = -7. List the prime factors of k.
3, 7
Suppose -36*c + 2679 = -17*c. What are the prime factors of c?
3, 47
Let v(i) = i - 15. Let x be v(-15). Let y be (0 - 1)/(15/x). Suppose 3*u + 2*n - 58 = 0, -26 = -u - 4*n + y*n. What are the prime factors of u?
2
Let s be (-1)/(-3) + 18/27. What are the prime factors of 2/(s/(-1)) + 57?
5, 11
Suppose 31 = 2*w - w + 5*k, 3*w = 2*k + 25. Suppose 0 = 3*f + w - 5. Let t = f + 17. What are the prime factors of t?
3, 5
Suppose 266 = 5*a - 1059. Let i = a + 7. List the prime factors of i.
2, 17
Suppose 9*l = 6*l. Suppose n + 2*n - 300 = l. Suppose -2*y + 4*a = -n, -5*a = -y - 0*a + 56. List the prime factors of y.
2, 23
Suppose 2*q - 5*q - 63 = 0. Let y = 9 - q. What are the prime factors of y?
2, 3, 5
List the prime factors of (-59 - 1)/(18/(-204)).
2, 5, 17
Let p = 27 + -27. Suppose -x = p, -3*o = -o - x. Suppose o = 5*s + 3*f - 297, -236 = -4*s - f - f. What are the prime factors of s?
3, 19
Let r(s) = -s**3 - 15*s**2 + 33*s + 25. Let p be -10 + 12 - (-38)/(-2). List the prime factors of r(p).
2, 3, 7
Let q be -2*(6/4)/1. List the prime factors of (23 - -1)*(3 - (q - -4)).
2, 3
Let k(x) = 4*x**2 - 15 - x**2 + 2*x**2 - 8*x - 4*x**2. List the prime factors of k(12).
3, 11
Suppose 20*l - 3608 = 55312. What are the pr